-31. Suppose 0 = -z*l + 2*l - 10*l. Suppose -29*h + 33*h - 36 = l. What is the remainder when 34 is divided by h?
7
Suppose -5*o - y - 18 = 0, 17*y - 21*y - 12 = 5*o. What is the remainder when -1 + o - (-45 + 16) is divided by 15?
9
Let g(t) = t**2 + 5*t - 4. Let n be g(3). Let m(s) = -s + 29. What is the remainder when 85 is divided by m(n)?
4
Suppose 3*m - 41 = 4. Let n(z) = 3*z - 15. Let a(k) = k - 8. Let r(s) = 5*a(s) - 3*n(s). What is the remainder when r(-9) is divided by m?
11
Let q = -246 - -265. Suppose -q*s + 201 + 312 = 0. Calculate the remainder when s is divided by 5.
2
Let y be -3*(-8)/54 - 8792/(-63). Suppose y = 11*i + 3*i. Calculate the remainder when 417 is divided by i.
7
Let s = -59 - -73. Suppose 3*g = s - 203. Let o = g + 93. What is the remainder when 59 is divided by o?
29
Suppose -7*v - 8*v + 13*v + 2934 = 0. Calculate the remainder when v is divided by 5.
2
Let k = -76 - -92. Suppose -8*a - 246 = -14*a. Calculate the remainder when a is divided by k.
9
Let h = 3852 + -3836. What is the remainder when 2234 is divided by h?
10
Let z be 3 - (2/(-2) + -76). Let f(l) = -l**2 + 8*l + 112. Let i be f(0). Let d = i - z. What is the remainder when 126 is divided by d?
30
Let l(g) = -g**3 + 6*g**2 - 3*g - 4. Let c(k) = 7*k**2 - 13*k - 29. Let y be c(9). Let u = -406 + y. What is the remainder when u is divided by l(5)?
3
Suppose -3*a - 15 = -n, -4*a = -5*n - 0*a + 130. Suppose -15*q = -20*q - 60. What is the remainder when 1620/14 + q/(-42) is divided by n?
26
Let h(p) = 9*p - 6. Let l be (-771)/10 - (-40)/400. Calculate the remainder when h(8) is divided by (-14)/4*220/l.
6
Let s(r) = r**2 - 25*r + 21. Let n be s(28). Let f = n - 104. What is the remainder when 41 is divided by ((1 + -2)/f)/((-1)/22)?
19
Let g(w) = -54*w**3 - 2*w**2 - 3*w - 2. Suppose 4*c = -2*t + 200, t - 92 = 5*c + 8. Calculate the remainder when t is divided by g(-1).
47
Let r(x) = 51*x - 84. Calculate the remainder when r(3) is divided by (-1)/5 + (-82)/(-10).
5
Let z = 538 + -251. Suppose 6*h - z = -53. Calculate the remainder when 150 is divided by h.
33
Suppose -t = -6*t - 10. Let y be (-2 + 2)/(t + 4 + -1). Suppose 4*g - 3*a - 20 = y, 0 = 3*g - 0*a - a - 15. What is the remainder when 52 is divided by g?
2
Suppose 0*l + 2*l = -3*w + 611, 2*w + 5*l - 389 = 0. Suppose -3*z + r = -158, -z + 2*r = -54 - 2. Calculate the remainder when w is divided by z.
51
Suppose 7*b + u = 9*b - 454, 0 = 3*b + 3*u - 672. What is the remainder when (b + 34)/(-1 - (-2 + 0)) is divided by 88?
84
Let y(d) = 48*d - 14 + 8 - 13. Let p(t) = 7*t + 8. Calculate the remainder when p(7) is divided by y(1).
28
Let f(h) = 4*h**2 - 27*h + 8. Let x be f(18). Suppose 547 = 2*b + 5*y, -x = -3*b - 7*y + 2*y. What is the remainder when b is divided by 21?
19
Suppose -4*k = -6*k - k. Suppose -7*p + 21 - 7 = k. Calculate the remainder when 8 is divided by p.
0
Suppose -21*f + 2510 = -1522. Calculate the remainder when f is divided by 9.
3
Let p = -2463 + 2556. Calculate the remainder when 461 is divided by p.
89
Suppose -5*y = -2*d + 128, -7*d + 73 = -6*d + 2*y. Calculate the remainder when (-175)/(-2) - 2 - d/(-46) is divided by 18.
15
Let w be (3 + -2)*4/(-2). Let r be 6/w - (-5 + 1). Let o(s) = 43*s**3 - 2*s + 2. Calculate the remainder when o(r) is divided by 22.
21
Let l be 58/(5 + -1 + -2). Suppose -5*u + 0*o = -o - 39, l = 3*u - 2*o. Calculate the remainder when 7*u/(147/18) is divided by 4.
2
Let v(p) = -2178*p + 13151. Calculate the remainder when 319 is divided by v(6).
70
Let w be (-100)/15 - -7 - (-192)/(-9). Let g be (-2)/1 + -2 + -10. What is the remainder when 20 is divided by (g/w)/(2/21)?
6
Suppose 3*a = 3*x - 17 + 1355, x = -a + 452. What is the remainder when a is divided by 21?
8
Let m = 3099 + -2514. What is the remainder when m is divided by 191?
12
Let b = 237 - 288. Let c = 86 + b. What is the remainder when 60 is divided by c?
25
Let z = 79 + -62. Suppose -5*s - 4*c + 3*c + 103 = 0, 2*s - 34 = -4*c. What is the remainder when s is divided by z?
4
Suppose d + 2*c = 7 + 24, 0 = 2*c + 10. Suppose x - 3*x + 1407 = 5*a, 4*a = -5*x + 1112. Calculate the remainder when a is divided by d.
37
Let j(d) = -d**3 + 26*d**2 - 44*d - 242. Calculate the remainder when j(23) is divided by 169.
164
Let g(h) = -25*h + 7. Let k be g(-8). Suppose b - s - k = 0, -4*b + s + 0*s + 813 = 0. Suppose -6*m + b = -56. What is the remainder when m is divided by 24?
19
Suppose -2128 = -27*r + 3521 + 2532. What is the remainder when r is divided by 302?
1
Let x = 7438 + -7021. Calculate the remainder when x is divided by 23.
3
Let t be (4 + -2 + -2)/(2/(-1)). Suppose t = -3*d + 3*a + 207, 4*d - 6*d + 138 = -3*a. Calculate the remainder when d/(-2)*(0 + 8/(-6)) is divided by 24.
22
Let r be 6/51 + (-2570)/170. What is the remainder when (-912)/r + (-4)/5 is divided by 14/(4*(-2)/(-12))?
18
Suppose s - 65 = g, 4*s - 6*s + 254 = -4*g. Let b = g + 125. Calculate the remainder when b is divided by 8.
7
Let g(j) = -1305*j - 2900. Calculate the remainder when g(-3) is divided by 117.
79
Suppose -4*w = -12*w + 428 + 1748. Calculate the remainder when 1585 is divided by w.
225
Let w(t) = -10*t**2 + 872*t - 124. What is the remainder when 647 is divided by w(87)?
47
Let m = -14344 - -15155. Calculate the remainder when m is divided by 253.
52
Let n be (-1)/((-5 + 4)*1 - -2). What is the remainder when 23 is divided by (-105)/(-21) + 34*n/(-2)?
1
Suppose 0 = 2*l + 3*d - 44, -4*d - d = -3*l + 47. Suppose 16*u = l*u + 3. What is the remainder when (u/3)/((-5)/90) is divided by 5?
1
Let g(p) = 47*p - 177. Calculate the remainder when 500 is divided by g(4).
5
Let g(s) = 4*s - 18*s - 18*s**2 + 5 - 3 - s + 9 + s**3. What is the remainder when 869 is divided by g(19)?
86
Suppose -2904 + 941 = -13*i. What is the remainder when 183 is divided by i?
32
Suppose -56 = -2*a + 50. Let c = -35 + a. Calculate the remainder when 121 is divided by c.
13
Suppose -3*v = -6, 2050 = 5*t - 561*v + 566*v. Calculate the remainder when 816 is divided by t.
0
Let o be (-8)/36 + (80/(-18))/(-2). Suppose 2*w = -o*w - 4*t + 64, -3*w = -4*t - 13. Suppose 0 = 3*s - 1 - 14. What is the remainder when w is divided by s?
1
Suppose -4*y + 2*r - 110 = 0, 0 = 5*y - 0*y + 5*r + 160. Let m = -28 - y. What is the remainder when 25 is divided by m?
0
Suppose 0 = -4*i + c + 906, 24*i - 18*i - 1374 = -c. Calculate the remainder when i is divided by 49.
32
Let c be (4/(-6))/(34/17646). Let i = 378 + c. Calculate the remainder when 158 is divided by i.
30
Let n = 1273 + -1238. Let p(s) = 3*s**2 + 1. Let y be (-4)/(-10) + 48/(-20). What is the remainder when n is divided by p(y)?
9
Suppose -66 = 215*h + 22*h - 4806. What is the remainder when 2630 is divided by h?
10
Let k = -12898 - -13067. Let l = -31 - -74. Calculate the remainder when k is divided by l.
40
Suppose 143 - 158 = -3*i. Calculate the remainder when 2193 is divided by i.
3
Let c be 1 - (-5 - (-4 + 0)). Let j(z) = 7*z**3 + 3*z + 2. Calculate the remainder when j(c) is divided by 19.
7
Let y(b) = 3*b - 2. Let f(d) = 3. Let c(n) = -2*f(n) - y(n). Suppose -5*u - 4*p - 21 = -2*u, u = -5*p - 7. What is the remainder when 50 is divided by c(u)?
16
Let r = -2700 + 2722. Calculate the remainder when 170 is divided by r.
16
Let i = -25 + 179. Suppose 186 = 17*j - i. Calculate the remainder when 59 is divided by j.
19
Let a = 17661 + -17593. What is the remainder when 4351 is divided by a?
67
Let t(l) = -5*l + 712. What is the remainder when t(-5) is divided by 66?
11
Let r = -30 - -71. What is the remainder when r is divided by 2*(3 + 1)*3?
17
Let l = -13572 - -13767. What is the remainder when 418 is divided by l?
28
Suppose -165*u - 76*u = -147 - 2022. What is the remainder when 4281 is divided by u?
6
Suppose 7*y + 207 = 4*b, 0 = b - 38*y + 37*y - 45. What is the remainder when 2261 is divided by b?
29
Let c = 1662 + -417. What is the remainder when c is divided by 179?
171
Suppose 2*s = 4*s - m - 1, 0 = 5*s - m + 5. What is the remainder when (-11)/(-4) + s + (-530)/(-40) is divided by 7?
0
Let t(y) = -y**3 + 14*y**2 - 42*y + 35. Calculate the remainder when 2234 is divided by t(10).
14
Let x(m) = 3*m + 11. Let l = -67 + 62. Let n be x(l). Let w = 5 - n. What is the remainder when 15 is div